{"version":"1.0","provider_name":"Konzertfreunde Costa Blanca","provider_url":"https:\/\/konzertfreunde.com\/fr\/","author_name":"R\u00fcdiger Jung","author_url":"https:\/\/konzertfreunde.com\/fr\/author\/informatico\/","title":"30e Festival d'orgue - Concert d'ouverture - Konzertfreunde Costa Blanca","type":"rich","width":600,"height":338,"html":"<blockquote class=\"wp-embedded-content\" data-secret=\"M6a0yXhSXz\"><a href=\"https:\/\/konzertfreunde.com\/fr\/cpt_events\/festival-dorgue\/\">30e Festival d\u2019orgue \u2013 Concert d\u2019ouverture<\/a><\/blockquote><iframe sandbox=\"allow-scripts\" security=\"restricted\" src=\"https:\/\/konzertfreunde.com\/fr\/cpt_events\/festival-dorgue\/embed\/#?secret=M6a0yXhSXz\" width=\"600\" height=\"338\" title=\"\u00ab\u00a030e Festival d\u2019orgue \u2013 Concert d\u2019ouverture\u00a0\u00bb &#8212; Konzertfreunde Costa Blanca\" data-secret=\"M6a0yXhSXz\" frameborder=\"0\" marginwidth=\"0\" marginheight=\"0\" scrolling=\"no\" class=\"wp-embedded-content\"><\/iframe><script>\n\/*! This file is auto-generated *\/\n!function(d,l){\"use strict\";l.querySelector&&d.addEventListener&&\"undefined\"!=typeof URL&&(d.wp=d.wp||{},d.wp.receiveEmbedMessage||(d.wp.receiveEmbedMessage=function(e){var t=e.data;if((t||t.secret||t.message||t.value)&&!\/[^a-zA-Z0-9]\/.test(t.secret)){for(var s,r,n,a=l.querySelectorAll('iframe[data-secret=\"'+t.secret+'\"]'),o=l.querySelectorAll('blockquote[data-secret=\"'+t.secret+'\"]'),c=new RegExp(\"^https?:$\",\"i\"),i=0;i<o.length;i++)o[i].style.display=\"none\";for(i=0;i<a.length;i++)s=a[i],e.source===s.contentWindow&&(s.removeAttribute(\"style\"),\"height\"===t.message?(1e3<(r=parseInt(t.value,10))?r=1e3:~~r<200&&(r=200),s.height=r):\"link\"===t.message&&(r=new URL(s.getAttribute(\"src\")),n=new URL(t.value),c.test(n.protocol))&&n.host===r.host&&l.activeElement===s&&(d.top.location.href=t.value))}},d.addEventListener(\"message\",d.wp.receiveEmbedMessage,!1),l.addEventListener(\"DOMContentLoaded\",function(){for(var e,t,s=l.querySelectorAll(\"iframe.wp-embedded-content\"),r=0;r<s.length;r++)(t=(e=s[r]).getAttribute(\"data-secret\"))||(t=Math.random().toString(36).substring(2,12),e.src+=\"#?secret=\"+t,e.setAttribute(\"data-secret\",t)),e.contentWindow.postMessage({message:\"ready\",secret:t},\"*\")},!1)))}(window,document);\n\/\/# sourceURL=https:\/\/konzertfreunde.com\/wp-includes\/js\/wp-embed.min.js\n<\/script>\n","thumbnail_url":"https:\/\/konzertfreunde.com\/wp-content\/uploads\/2021\/08\/Internationales_Orgelfestival.webp","thumbnail_width":1024,"thumbnail_height":683,"description":"Con\u00adcert anni\u00adver\u00adsaire mar\u00adquant les 30 ans d\u2019e\u00adxis\u00adtence. Clas\u00adsi\u00adque, clas\u00adsi\u00adque, magni\u00adfi\u00adque : \u0153uvres de Haen\u00addel, Mozart, Piaz\u00adzolla, ent\u00adre autres.&nbsp; Vicen\u00adte Giner a&nbsp;r\u00e9us\u00adsi l\u2019exploit de fai\u00adre venir cer\u00adta\u00adins des musi\u00adci\u00adens qui s\u2019\u00e9taient d\u00e9j\u00e0 pro\u00adduits ici, \u00e0&nbsp;Ped\u00adre\u00adguer, il y&nbsp;a 30&nbsp;ans&nbsp;:&nbsp; Vous enten\u00addez Ernes\u00adto Chu\u00adli\u00e1, remar\u00adquable \u00e0&nbsp;la trompette, Joa\u00adquin Cabre\u00adra, trom\u00adpet\u00adte, qui fait lui aus\u00adsi par\u00adtie de l\u2019a\u00adven\u00adture depuis [&hellip;]"}

Rüdiger Jung

Con­cert anni­ver­saire mar­quant les 30 ans d’e­xis­tence. Clas­si­que, clas­si­que, magni­fi­que : œuvres de Haen­del, Mozart, Piaz­zolla, ent­re autres.&nbsp; Vicen­te Giner a&nbsp;réus­si l’exploit de fai­re venir cer­ta­ins des musi­ci­ens qui s’étaient déjà pro­duits ici, à&nbsp;Ped­re­guer, il y&nbsp;a 30&nbsp;ans&nbsp;:&nbsp; Vous enten­dez Ernes­to Chu­liá, remar­quable à&nbsp;la trompette, Joa­quin Cabre­ra, trom­pet­te, qui fait lui aus­si par­tie de l’a­ven­ture depuis [&hellip;]
